{"id":272,"date":"2015-12-08T14:43:07","date_gmt":"2015-12-08T13:43:07","guid":{"rendered":"http:\/\/www.chez-claire-et-eric.fr\/?page_id=272"},"modified":"2015-12-28T15:55:15","modified_gmt":"2015-12-28T14:55:15","slug":"histoire","status":"publish","type":"page","link":"https:\/\/www.chez-claire-et-eric.fr\/?page_id=272","title":{"rendered":"Histoire"},"content":{"rendered":"<p><a href=\"http:\/\/www.chez-claire-et-eric.fr\/wp-content\/uploads\/2015\/12\/carte.jpg\"><img loading=\"lazy\" decoding=\"async\" class=\"aligncenter size-full wp-image-367\" src=\"http:\/\/www.chez-claire-et-eric.fr\/wp-content\/uploads\/2015\/12\/carte.jpg\" alt=\"carte\" width=\"1052\" height=\"846\" srcset=\"https:\/\/www.chez-claire-et-eric.fr\/wp-content\/uploads\/2015\/12\/carte.jpg 1052w, https:\/\/www.chez-claire-et-eric.fr\/wp-content\/uploads\/2015\/12\/carte-300x241.jpg 300w, https:\/\/www.chez-claire-et-eric.fr\/wp-content\/uploads\/2015\/12\/carte-1024x823.jpg 1024w\" sizes=\"(max-width: 1052px) 100vw, 1052px\" \/><\/a><\/p>\n<p>Baptis\u00e9 \u00ab los Santos \u00bb par Christophe Colomb qui le d\u00e9couvrit \u00e0 la Toussaint 1493, l\u2019archipel des Saintes a fait l\u2019objet, \u00e0 partir du 16\u00e8me et pour 3 si\u00e8cles, d\u2019illustres batailles de possession entre la France et l\u2019Angleterre.<\/p>\n<p>Si la premi\u00e8re victoire fran\u00e7aise, conduite par Du Lion et Desmeuriers le 15 aout 1666 est toujours comm\u00e9mor\u00e9e (c\u2019est la date de la f\u00eate patronale), il faudra attendre un trait\u00e9 de 1763 pour que leur appartenance &#8211; sur le papier ! &#8211; au royaume de France ne soit plus contest\u00e9e par les britanniques.<\/p>\n<p>Prudent, Louis XVI veut affirmer la vocation militaire de Terre de Haut et ordonne la construction de diverses fortifications\u00a0 : Fort Louis sur le morne Mire, Fort de la Reine sur l\u2019\u00eelet \u00e0 cabrit, des vigies (tour mod\u00e8le du Chameau) et des Batteries (Morel, Mouillage).<br \/>\nCe n\u2019est pas sur terre mais dans le canal des Saintes que les amiraux anglais Rodney et Hood infligeront aux fran\u00e7ais (flotte du comte de Grasse) leur plus illustre d\u00e9faite, le 17 avril 1782. La c\u00e9l\u00e8bre \u00abbataille des Saintes\u00bb aura vu captur\u00e9s navires et milliers d\u2019hommes avec, pour contrepartie salutaire, une cons\u00e9quence directe sur la guerre d\u2019ind\u00e9pendance des Etats Unis dont le renfort de Rodney, trop occup\u00e9 ici, scellera le sort qu\u2019on connait.<\/p>\n<p>Il faudra encore trente ans de ruses (et d\u2019exploits, en particulier de trois jeunes saintois &#8211; Jean Calo, Cointre et Solitaire qui r\u00e9ussiront \u00e0 guider trois vaisseaux fran\u00e7ais pris par le blocus britannique en 1809) pour faire des Saintes un territoire d\u00e9finitivement fran\u00e7ais en 1816.<\/p>\n<p>Un peu de romantisme avec l\u2019histoire d\u2019une jeune saintoise, Caroline, qui en 1822, se suicidera du haut de la batterie de Morel (qui porte aujourd\u2019hui son nom) faute de voir revenir un marin-naturaliste, rencontr\u00e9 lors d\u2019une de ses campagnes. Le Chevalier de Fr\u00e9minville en perdra la raison, au point, de retour \u00e0 Brest, de se travestir avec les habits de Caroline qu\u2019il avait emport\u00e9s&#8230;<\/p>\n<p>Tout aussi prudent que Louis XVI, Louis-Philippe entend se pr\u00e9munir d\u2019une \u00e9ventuelle reconqu\u00eate anglaise et, inspir\u00e9 par Vauban, \u00e9rige en 1844 une nouvelle fortification sur les ruines de l\u2019ancien Fort Louis, rebaptis\u00e9e 30 ans plus tard, Fort \u00abNapol\u00e9on\u00bb par le 3\u00e8me du nom, qui dans ses \u00e9lans, rebaptisera le fort de la Reine en \u00abJos\u00e9phine\u00bb.<br \/>\nUn p\u00e9nitencier sera parall\u00e8lement construit, un temps r\u00e9serv\u00e9 aux femmes puis, apr\u00e8s sa destruction par un cyclone, remplac\u00e9 par un lazaret de quarantaine impos\u00e9 aux immigrants.<\/p>\n<p>La vocation militaire de Terre de Haut cesse au d\u00e9but du 20eme si\u00e8cle et, sort de l\u2019histoire,\u00a0 nombre de saintois\u00a0 rejoindront, comme des milliers d\u2019Antillais, les \u00eeles anglaises voisines contre le r\u00e9gime de Vichy. En m\u00e9moire de son glorieux pass\u00e9, le \u00abGibraltar des Antilles\u00bb sera, des ann\u00e9es durant, c\u00e9l\u00e9br\u00e9 par tous les navires de la marine nationale (le navire Jeanne d\u2019Arc ayant m\u00eame \u00e9t\u00e9 marraine de la commune jusqu\u2019\u00e0 sa retraite du service en 2010).<\/p>\n<p>Terre de Haut\u00a0 accueille les premi\u00e8res r\u00e9sidences de vill\u00e9giature des guadeloup\u00e9ens \u00abcontinentaux\u00bb\u00a0 dans l\u2019apr\u00e8s guerre. Le caract\u00e8re pr\u00e9serv\u00e9 de l\u2019\u00eele attire aussi tr\u00e8s vite les croisi\u00e8res transatlantiques (premi\u00e8re escale dans la baie du France en 1963) puis, avec l\u2019\u00e8re des loisirs, des premiers plaisanciers toujours fid\u00e8les aujourd\u2019hui.<\/p>\n<p>L\u2019a\u00e9rodrome est cr\u00e9\u00e9e en 1966 et trois ans plus tard, le premier h\u00f4tel, ouvre ses portes \u00e0 l\u2019anse \u00e0 Cointre.<\/p>\n<p>M\u00eame si sa vocation pour la p\u00eache\u00a0 (et la construction de petites embarcations dont le savoir faire s\u2019\u00e9tendra dans toutes les Antilles) demeure, \u00e0 partir des ann\u00e9es 70, Terre de Haut s\u2019ouvre au tourisme. Pour faire face aux besoins de la population, nombre de travaux sont lanc\u00e9s dont une usine de dessalement de l\u2019eau abandonn\u00e9e pour son co\u00fbt d\u2019exploitation au profit de conduites d\u2019eau et d\u2019\u00e9lectricit\u00e9 reli\u00e9es \u00e0 la Guadeloupe.<\/p>\n<p>Commerces, h\u00e9bergements, \u00e9quipements se multiplient et le nombre de visiteurs cro\u00eet sans cesse, stopp\u00e9, en 2004, par un s\u00e9isme de magnitude 6. Terre de Haut y aura gagn\u00e9 une nouvelle \u00e9cole, un nouveau clocher pour son \u00e9glise, des reconstructions en nombre mais l\u2019essentiel demeure. Avec un PLU contraignant, 90% du territoire class\u00e9 \u00e0 un titre ou un autre, cette \u00eele conserve son charme unique qui s\u2019offre \u00e0 vous.<\/p>\n<p><em>copyright Office du Tourisme de Terre-de-Haut<\/em><\/p>\n<p><a href=\"http:\/\/www.chez-claire-et-eric.fr\/wp-content\/uploads\/2015\/12\/royal-clipper-claire-et-eric.jpg\" rel=\"attachment wp-att-431\"><img loading=\"lazy\" decoding=\"async\" class=\"aligncenter size-full wp-image-431\" src=\"http:\/\/www.chez-claire-et-eric.fr\/wp-content\/uploads\/2015\/12\/royal-clipper-claire-et-eric.jpg\" alt=\"royal clipper  claire et eric\" width=\"1280\" height=\"851\" srcset=\"https:\/\/www.chez-claire-et-eric.fr\/wp-content\/uploads\/2015\/12\/royal-clipper-claire-et-eric.jpg 1280w, https:\/\/www.chez-claire-et-eric.fr\/wp-content\/uploads\/2015\/12\/royal-clipper-claire-et-eric-300x199.jpg 300w, https:\/\/www.chez-claire-et-eric.fr\/wp-content\/uploads\/2015\/12\/royal-clipper-claire-et-eric-768x511.jpg 768w, https:\/\/www.chez-claire-et-eric.fr\/wp-content\/uploads\/2015\/12\/royal-clipper-claire-et-eric-1024x681.jpg 1024w\" sizes=\"(max-width: 1280px) 100vw, 1280px\" \/><\/a><\/p>\n","protected":false},"excerpt":{"rendered":"<p>Baptis\u00e9 \u00ab los Santos \u00bb par Christophe Colomb qui le d\u00e9couvrit \u00e0 la Toussaint 1493, l\u2019archipel des Saintes a fait l\u2019objet, \u00e0 partir du 16\u00e8me et pour 3 si\u00e8cles, d\u2019illustres batailles de possession entre la France et l\u2019Angleterre. Si la premi\u00e8re victoire fran\u00e7aise, conduite par Du Lion et Desmeuriers le 15 aout 1666 est toujours &hellip; <a href=\"https:\/\/www.chez-claire-et-eric.fr\/?page_id=272\" class=\"more-link\">Continuer la lecture<span class=\"screen-reader-text\"> de <span class=\"screen-reader-text\">Histoire<\/span><\/span>&nbsp;<span class=\"meta-nav\">&rarr;<\/span><\/a><\/p>\n","protected":false},"author":1,"featured_media":0,"parent":134,"menu_order":1,"comment_status":"closed","ping_status":"closed","template":"","meta":{"footnotes":""},"class_list":["post-272","page","type-page","status-publish","hentry"],"_links":{"self":[{"href":"https:\/\/www.chez-claire-et-eric.fr\/index.php?rest_route=\/wp\/v2\/pages\/272"}],"collection":[{"href":"https:\/\/www.chez-claire-et-eric.fr\/index.php?rest_route=\/wp\/v2\/pages"}],"about":[{"href":"https:\/\/www.chez-claire-et-eric.fr\/index.php?rest_route=\/wp\/v2\/types\/page"}],"author":[{"embeddable":true,"href":"https:\/\/www.chez-claire-et-eric.fr\/index.php?rest_route=\/wp\/v2\/users\/1"}],"replies":[{"embeddable":true,"href":"https:\/\/www.chez-claire-et-eric.fr\/index.php?rest_route=%2Fwp%2Fv2%2Fcomments&post=272"}],"version-history":[{"count":5,"href":"https:\/\/www.chez-claire-et-eric.fr\/index.php?rest_route=\/wp\/v2\/pages\/272\/revisions"}],"predecessor-version":[{"id":432,"href":"https:\/\/www.chez-claire-et-eric.fr\/index.php?rest_route=\/wp\/v2\/pages\/272\/revisions\/432"}],"up":[{"embeddable":true,"href":"https:\/\/www.chez-claire-et-eric.fr\/index.php?rest_route=\/wp\/v2\/pages\/134"}],"wp:attachment":[{"href":"https:\/\/www.chez-claire-et-eric.fr\/index.php?rest_route=%2Fwp%2Fv2%2Fmedia&parent=272"}],"curies":[{"name":"wp","href":"https:\/\/api.w.org\/{rel}","templated":true}]}}

<p><a href="http://www.chez-claire-et-eric.fr/wp-content/uploads/2015/12/carte.jpg"><img loading="lazy" decoding="async" class="aligncenter size-full wp-image-367" src="http://www.chez-claire-et-eric.fr/wp-content/uploads/2015/12/carte.jpg" alt="carte" width="1052" height="846" srcset="https://www.chez-claire-et-eric.fr/wp-content/uploads/2015/12/carte.jpg 1052w, https://www.chez-claire-et-eric.fr/wp-content/uploads/2015/12/carte-300x241.jpg 300w, https://www.chez-claire-et-eric.fr/wp-content/uploads/2015/12/carte-1024x823.jpg 1024w" sizes="(max-width: 1052px) 100vw, 1052px" /></a></p>
<p>Baptisé « los Santos » par Christophe Colomb qui le découvrit à la Toussaint 1493, l’archipel des Saintes a fait l’objet, à partir du 16ème et pour 3 siècles, d’illustres batailles de possession entre la France et l’Angleterre.</p>
<p>Si la première victoire française, conduite par Du Lion et Desmeuriers le 15 aout 1666 est toujours commémorée (c’est la date de la fête patronale), il faudra attendre un traité de 1763 pour que leur appartenance &#8211; sur le papier ! &#8211; au royaume de France ne soit plus contestée par les britanniques.</p>
<p>Prudent, Louis XVI veut affirmer la vocation militaire de Terre de Haut et ordonne la construction de diverses fortifications  : Fort Louis sur le morne Mire, Fort de la Reine sur l’îlet à cabrit, des vigies (tour modèle du Chameau) et des Batteries (Morel, Mouillage).<br />
Ce n’est pas sur terre mais dans le canal des Saintes que les amiraux anglais Rodney et Hood infligeront aux français (flotte du comte de Grasse) leur plus illustre défaite, le 17 avril 1782. La célèbre «bataille des Saintes» aura vu capturés navires et milliers d’hommes avec, pour contrepartie salutaire, une conséquence directe sur la guerre d’indépendance des Etats Unis dont le renfort de Rodney, trop occupé ici, scellera le sort qu’on connait.</p>
<p>Il faudra encore trente ans de ruses (et d’exploits, en particulier de trois jeunes saintois &#8211; Jean Calo, Cointre et Solitaire qui réussiront à guider trois vaisseaux français pris par le blocus britannique en 1809) pour faire des Saintes un territoire définitivement français en 1816.</p>
<p>Un peu de romantisme avec l’histoire d’une jeune saintoise, Caroline, qui en 1822, se suicidera du haut de la batterie de Morel (qui porte aujourd’hui son nom) faute de voir revenir un marin-naturaliste, rencontré lors d’une de ses campagnes. Le Chevalier de Fréminville en perdra la raison, au point, de retour à Brest, de se travestir avec les habits de Caroline qu’il avait emportés&#8230;</p>
<p>Tout aussi prudent que Louis XVI, Louis-Philippe entend se prémunir d’une éventuelle reconquête anglaise et, inspiré par Vauban, érige en 1844 une nouvelle fortification sur les ruines de l’ancien Fort Louis, rebaptisée 30 ans plus tard, Fort «Napoléon» par le 3ème du nom, qui dans ses élans, rebaptisera le fort de la Reine en «Joséphine».<br />
Un pénitencier sera parallèlement construit, un temps réservé aux femmes puis, après sa destruction par un cyclone, remplacé par un lazaret de quarantaine imposé aux immigrants.</p>
<p>La vocation militaire de Terre de Haut cesse au début du 20eme siècle et, sort de l’histoire,  nombre de saintois  rejoindront, comme des milliers d’Antillais, les îles anglaises voisines contre le régime de Vichy. En mémoire de son glorieux passé, le «Gibraltar des Antilles» sera, des années durant, célébré par tous les navires de la marine nationale (le navire Jeanne d’Arc ayant même été marraine de la commune jusqu’à sa retraite du service en 2010).</p>
<p>Terre de Haut  accueille les premières résidences de villégiature des guadeloupéens «continentaux»  dans l’après guerre. Le caractère préservé de l’île attire aussi très vite les croisières transatlantiques (première escale dans la baie du France en 1963) puis, avec l’ère des loisirs, des premiers plaisanciers toujours fidèles aujourd’hui.</p>
<p>L’aérodrome est créée en 1966 et trois ans plus tard, le premier hôtel, ouvre ses portes à l’anse à Cointre.</p>
<p>Même si sa vocation pour la pêche  (et la construction de petites embarcations dont le savoir faire s’étendra dans toutes les Antilles) demeure, à partir des années 70, Terre de Haut s’ouvre au tourisme. Pour faire face aux besoins de la population, nombre de travaux sont lancés dont une usine de dessalement de l’eau abandonnée pour son coût d’exploitation au profit de conduites d’eau et d’électricité reliées à la Guadeloupe.</p>
<p>Commerces, hébergements, équipements se multiplient et le nombre de visiteurs croît sans cesse, stoppé, en 2004, par un séisme de magnitude 6. Terre de Haut y aura gagné une nouvelle école, un nouveau clocher pour son église, des reconstructions en nombre mais l’essentiel demeure. Avec un PLU contraignant, 90% du territoire classé à un titre ou un autre, cette île conserve son charme unique qui s’offre à vous.</p>
<p><em>copyright Office du Tourisme de Terre-de-Haut</em></p>
<p><a href="http://www.chez-claire-et-eric.fr/wp-content/uploads/2015/12/royal-clipper-claire-et-eric.jpg" rel="attachment wp-att-431"><img loading="lazy" decoding="async" class="aligncenter size-full wp-image-431" src="http://www.chez-claire-et-eric.fr/wp-content/uploads/2015/12/royal-clipper-claire-et-eric.jpg" alt="royal clipper  claire et eric" width="1280" height="851" srcset="https://www.chez-claire-et-eric.fr/wp-content/uploads/2015/12/royal-clipper-claire-et-eric.jpg 1280w, https://www.chez-claire-et-eric.fr/wp-content/uploads/2015/12/royal-clipper-claire-et-eric-300x199.jpg 300w, https://www.chez-claire-et-eric.fr/wp-content/uploads/2015/12/royal-clipper-claire-et-eric-768x511.jpg 768w, https://www.chez-claire-et-eric.fr/wp-content/uploads/2015/12/royal-clipper-claire-et-eric-1024x681.jpg 1024w" sizes="(max-width: 1280px) 100vw, 1280px" /></a></p>

<p>Baptisé « los Santos » par Christophe Colomb qui le découvrit à la Toussaint 1493, l’archipel des Saintes a fait l’objet, à partir du 16ème et pour 3 siècles, d’illustres batailles de possession entre la France et l’Angleterre. Si la première victoire française, conduite par Du Lion et Desmeuriers le 15 aout 1666 est toujours &hellip; <a href="https://www.chez-claire-et-eric.fr/?page_id=272" class="more-link">Continuer la lecture<span class="screen-reader-text"> de <span class="screen-reader-text">Histoire</span></span>&nbsp;<span class="meta-nav">&rarr;</span></a></p>
