{"id":251,"date":"2015-12-08T09:41:05","date_gmt":"2015-12-08T08:41:05","guid":{"rendered":"http:\/\/www.chez-claire-et-eric.fr\/?page_id=251"},"modified":"2024-02-25T17:58:56","modified_gmt":"2024-02-25T16:58:56","slug":"activites-nautiques","status":"publish","type":"page","link":"https:\/\/www.chez-claire-et-eric.fr\/?page_id=251","title":{"rendered":"Activit\u00e9s nautiques et excursions"},"content":{"rendered":"<ul>\n<li><strong>Plong\u00e9e sous-marine<\/strong> avec <a href=\"http:\/\/www.chez-claire-et-eric.fr\/wp-content\/uploads\/2015\/12\/flyer-Pisquettes-2014.jpg\">Pisquettes <\/a><a href=\"http:\/\/www.chez-claire-et-eric.fr\/wp-content\/uploads\/2015\/12\/flyer-Pisquettes-2014.jpg\"><img loading=\"lazy\" decoding=\"async\" class=\"aligncenter size-full wp-image-355\" src=\"http:\/\/www.chez-claire-et-eric.fr\/wp-content\/uploads\/2015\/12\/flyer-Pisquettes-2014.jpg\" alt=\"flyer Pisquettes 2014\" width=\"723\" height=\"1024\" srcset=\"https:\/\/www.chez-claire-et-eric.fr\/wp-content\/uploads\/2015\/12\/flyer-Pisquettes-2014.jpg 723w, https:\/\/www.chez-claire-et-eric.fr\/wp-content\/uploads\/2015\/12\/flyer-Pisquettes-2014-212x300.jpg 212w\" sizes=\"(max-width: 723px) 100vw, 723px\" \/><\/a><\/li>\n<\/ul>\n<ul>\n<li>https:\/\/www.dive-bouteille.com\/\u00a0 \u00a0\u00a0<\/li>\n<\/ul>\n<p><a href=\"http:\/\/www.chez-claire-et-eric.fr\/wp-content\/uploads\/2024\/02\/Capture-decran-2024-02-25-125130.jpeg\"><img loading=\"lazy\" decoding=\"async\" class=\"aligncenter size-full wp-image-1659\" src=\"http:\/\/www.chez-claire-et-eric.fr\/wp-content\/uploads\/2024\/02\/Capture-decran-2024-02-25-125130.jpeg\" alt=\"\" width=\"1673\" height=\"765\" srcset=\"https:\/\/www.chez-claire-et-eric.fr\/wp-content\/uploads\/2024\/02\/Capture-decran-2024-02-25-125130.jpeg 1673w, https:\/\/www.chez-claire-et-eric.fr\/wp-content\/uploads\/2024\/02\/Capture-decran-2024-02-25-125130-300x137.jpeg 300w, https:\/\/www.chez-claire-et-eric.fr\/wp-content\/uploads\/2024\/02\/Capture-decran-2024-02-25-125130-1024x468.jpeg 1024w, https:\/\/www.chez-claire-et-eric.fr\/wp-content\/uploads\/2024\/02\/Capture-decran-2024-02-25-125130-768x351.jpeg 768w, https:\/\/www.chez-claire-et-eric.fr\/wp-content\/uploads\/2024\/02\/Capture-decran-2024-02-25-125130-1536x702.jpeg 1536w\" sizes=\"(max-width: 1673px) 100vw, 1673px\" \/><\/a><\/p>\n<ul>\n<li><strong>Un petit tour \u00ab\u00a0sensations\u00a0\u00bb<\/strong> avec le monocoque : \u00ab\u00a0diabolo\u00a0\u00bb et son excellent skipper : \u00ab\u00a0Phil \u00e0 voile\u00a0\u00bb<a href=\"http:\/\/www.chez-claire-et-eric.fr\/wp-content\/uploads\/2015\/12\/Capture1.jpg\"><img loading=\"lazy\" decoding=\"async\" class=\"aligncenter size-full wp-image-359\" src=\"http:\/\/www.chez-claire-et-eric.fr\/wp-content\/uploads\/2015\/12\/Capture1.jpg\" alt=\"Capture\" width=\"925\" height=\"613\" srcset=\"https:\/\/www.chez-claire-et-eric.fr\/wp-content\/uploads\/2015\/12\/Capture1.jpg 925w, https:\/\/www.chez-claire-et-eric.fr\/wp-content\/uploads\/2015\/12\/Capture1-300x199.jpg 300w\" sizes=\"(max-width: 925px) 100vw, 925px\" \/><\/a><\/li>\n<\/ul>\n<ul>\n<li><strong>Une escapade en mer :<\/strong>\u00a0 location de paddles, kayacs, semi-rigides avec : <a href=\"http:\/\/www.chez-claire-et-eric.fr\/wp-content\/uploads\/2015\/12\/Flyers.jpg\" rel=\"attachment wp-att-388\">Cara\u00efbes escapade <img loading=\"lazy\" decoding=\"async\" class=\"aligncenter size-full wp-image-388\" src=\"http:\/\/www.chez-claire-et-eric.fr\/wp-content\/uploads\/2015\/12\/Flyers.jpg\" alt=\"Flyers\" width=\"726\" height=\"1024\" srcset=\"https:\/\/www.chez-claire-et-eric.fr\/wp-content\/uploads\/2015\/12\/Flyers.jpg 726w, https:\/\/www.chez-claire-et-eric.fr\/wp-content\/uploads\/2015\/12\/Flyers-213x300.jpg 213w\" sizes=\"(max-width: 726px) 100vw, 726px\" \/><\/a><\/li>\n<li><a href=\"http:\/\/www.chez-claire-et-eric.fr\/wp-content\/uploads\/2015\/12\/xav.jpg\">Location de p\u00e9dalos : SUNSEA BALADO 0690 82 62 72 (pr\u00e8s de l&rsquo;h\u00f4tel Lobleu)<br \/><\/a><\/li>\n<\/ul>\n\n\n<p><strong>Initiation ou perfectionnement \u00e0 l&rsquo;apn\u00e9e  et randonn\u00e9e palm\u00e9e :<\/strong><\/p>\n\n\n\n<figure class=\"wp-block-image size-large\"><img loading=\"lazy\" decoding=\"async\" width=\"573\" height=\"483\" src=\"https:\/\/www.chez-claire-et-eric.fr\/wp-content\/uploads\/2024\/02\/Capture-decran-2024-02-25-124849.png\" alt=\"\" class=\"wp-image-1656\" srcset=\"https:\/\/www.chez-claire-et-eric.fr\/wp-content\/uploads\/2024\/02\/Capture-decran-2024-02-25-124849.png 573w, https:\/\/www.chez-claire-et-eric.fr\/wp-content\/uploads\/2024\/02\/Capture-decran-2024-02-25-124849-300x253.png 300w\" sizes=\"(max-width: 573px) 100vw, 573px\" \/><\/figure>\n\n\n\n<p><a href=\"https:\/\/www.freedivinglessaintes.com\/nos-apn%C3%A9es\">https:\/\/www.freedivinglessaintes.com\/nos-apn%C3%A9es<\/a><\/p>\n\n\n\n<p><\/p>\n\n\n","protected":false},"excerpt":{"rendered":"<p>Plong\u00e9e sous-marine avec Pisquettes https:\/\/www.dive-bouteille.com\/\u00a0 \u00a0\u00a0 Un petit tour \u00ab\u00a0sensations\u00a0\u00bb avec le monocoque : \u00ab\u00a0diabolo\u00a0\u00bb et son excellent skipper : \u00ab\u00a0Phil \u00e0 voile\u00a0\u00bb Une escapade en mer :\u00a0 location de paddles, kayacs, semi-rigides avec : Cara\u00efbes escapade Location de p\u00e9dalos : SUNSEA BALADO 0690 82 62 72 (pr\u00e8s de l&rsquo;h\u00f4tel Lobleu) Initiation ou perfectionnement \u00e0 &hellip; <a href=\"https:\/\/www.chez-claire-et-eric.fr\/?page_id=251\" class=\"more-link\">Continuer la lecture<span class=\"screen-reader-text\"> de <span class=\"screen-reader-text\">Activit\u00e9s nautiques et excursions<\/span><\/span>&nbsp;<span class=\"meta-nav\">&rarr;<\/span><\/a><\/p>\n","protected":false},"author":1,"featured_media":0,"parent":246,"menu_order":2,"comment_status":"closed","ping_status":"closed","template":"","meta":{"footnotes":""},"class_list":["post-251","page","type-page","status-publish","hentry"],"_links":{"self":[{"href":"https:\/\/www.chez-claire-et-eric.fr\/index.php?rest_route=\/wp\/v2\/pages\/251"}],"collection":[{"href":"https:\/\/www.chez-claire-et-eric.fr\/index.php?rest_route=\/wp\/v2\/pages"}],"about":[{"href":"https:\/\/www.chez-claire-et-eric.fr\/index.php?rest_route=\/wp\/v2\/types\/page"}],"author":[{"embeddable":true,"href":"https:\/\/www.chez-claire-et-eric.fr\/index.php?rest_route=\/wp\/v2\/users\/1"}],"replies":[{"embeddable":true,"href":"https:\/\/www.chez-claire-et-eric.fr\/index.php?rest_route=%2Fwp%2Fv2%2Fcomments&post=251"}],"version-history":[{"count":26,"href":"https:\/\/www.chez-claire-et-eric.fr\/index.php?rest_route=\/wp\/v2\/pages\/251\/revisions"}],"predecessor-version":[{"id":1660,"href":"https:\/\/www.chez-claire-et-eric.fr\/index.php?rest_route=\/wp\/v2\/pages\/251\/revisions\/1660"}],"up":[{"embeddable":true,"href":"https:\/\/www.chez-claire-et-eric.fr\/index.php?rest_route=\/wp\/v2\/pages\/246"}],"wp:attachment":[{"href":"https:\/\/www.chez-claire-et-eric.fr\/index.php?rest_route=%2Fwp%2Fv2%2Fmedia&parent=251"}],"curies":[{"name":"wp","href":"https:\/\/api.w.org\/{rel}","templated":true}]}}